t a(c) = -38*c + 1. Let u(y) = 113*y - 3. Let z(d) = -11*a(d) - 4*u(d). What are the prime factors of z(r)?
3, 23
Suppose 5*i = -2*n + 34237, -2*i - 4*n = -5*i + 20563. List the prime factors of i.
3, 761
Let z be ((-100)/125)/(2/40). Let l = z - -145. Let y = l + -86. What are the prime factors of y?
43
Let k = -456 - -460. Suppose 5*w + y = 2170, -4*y - 1720 = -k*w - 8*y. List the prime factors of w.
3, 5, 29
Let p be -98*(1 + -4)*3/9. Suppose 358 - p = 2*m. List the prime factors of m.
2, 5, 13
Let k = -4536 - -24145. List the prime factors of k.
19609
Let p = 33054 + -7753. List the prime factors of p.
25301
Suppose 0 = -5*p - 3*a + 19033 + 67229, 5*a = 5*p - 86270. List the prime factors of p.
3, 71
Let k(p) = p**2 - 20*p - 12. Let s = 429 - 446. List the prime factors of k(s).
617
Let v(i) = 10*i + 101. Let d be v(-13). Let t(h) = h**2 + 17*h + 82. What are the prime factors of t(d)?
2, 5, 43
Let m = -41969 + 78204. List the prime factors of m.
5, 7247
Let a = -20747 - -30294. What are the prime factors of a?
9547
Suppose -3*q - 5*p + 774 = -381, 1891 = 5*q - 3*p. Suppose i + q = 2*i + s, -2*i + s + 751 = 0. List the prime factors of i.
13, 29
Suppose 0 = 269*b - 15114819 + 4245874. What are the prime factors of b?
5, 8081
Suppose -2*w + 2 = -2. Let u = -14856 - -14919. Suppose 0 = w*i + i - u. What are the prime factors of i?
3, 7
Let r(x) = 149*x + 296. Let v(c) = -74*c - 147. Let o(l) = 6*r(l) + 13*v(l). What are the prime factors of o(-18)?
3, 11
Let j = 66497 - 39913. What are the prime factors of j?
2, 3323
Let p = -45 + 407. Let j = p + -147. What are the prime factors of j?
5, 43
Let b = -6182 + 5998. Suppose -5*f = 313 + 82. Let a = f - b. What are the prime factors of a?
3, 5, 7
Let l = 0 + 2. Let f(s) = s**2 - 42*s + 45. Let i be f(45). What are the prime factors of -3 + -1 + i/l?
2, 43
Let u = 7019 - -3129. List the prime factors of u.
2, 43, 59
Let o = 34 + -30. Suppose o*s + 6 + 6 = 0. List the prime factors of (-2 - s) + (-441)/(-3).
2, 37
Suppose -4 = 4*p - 0*p, 5*q = -4*p - 10464. Let h = -1106 - q. List the prime factors of h.
2, 17, 29
Suppose -3*i = -71 - 46. Suppose i*p - 44*p + 910 = 0. What are the prime factors of p?
2, 7, 13
Let k be (80 - 82) + 1 + 3. Suppose z + 2*z - 2031 = -3*j, 4*z + k*j = 2718. List the prime factors of z.
2, 11, 31
Suppose 4*b = -5*t + 10657, 0 = -9*t + 10*t + b - 2132. What are the prime factors of t?
2129
Suppose r = -38 + 32. List the prime factors of (326/r)/((-1)/3).
163
Let b(h) = 3*h - 274. Let o be b(0). Let n = o + 461. Suppose n = -17*f + 1462. List the prime factors of f.
3, 5
List the prime factors of 13 - ((-180)/(-12) + -22842).
2, 5, 571
Suppose 3*p + b - 1 = 6*p, 4*b - 4 = 0. Let t(y) = 5*y + 314. List the prime factors of t(p).
2, 157
Let u(p) = -1625*p - 225. Let a be u(-24). Suppose 0*s + a = 25*s. What are the prime factors of s?
3, 11, 47
Let j = 251 - 249. Suppose 3*g - 1241 = -5*t, -j*g + t = 4*t - 826. List the prime factors of g.
11, 37
Let i(y) = y**2 - 6*y + 1. Let f be i(0). Let s be (-1 + f + 3)/(8/88). Let l = 42 + s. What are the prime factors of l?
3, 5
Let q(j) = 174*j**2 + 4*j + 2. Let p be q(-1). Suppose 8*u - p = 3084. List the prime factors of u.
11, 37
Suppose 5*q + 38 = 3*n, -4 = -n - 4*q + 37. Suppose -n + 11 = -5*i. Suppose -5*d + d = 3*p - 229, -122 = -i*d - 4*p. List the prime factors of d.
5, 11
Let i be (33/9 + 1)/((-8)/(-12)). Suppose 387 = -i*b + 1962. Suppose -7*v + b + 1070 = 0. What are the prime factors of v?
5, 37
List the prime factors of (1793239/(-7))/(-19) - (2 - (-2 + 2)).
13, 17, 61
List the prime factors of 1/(105/280 + 84490/(-225328)).
2, 14083
Suppose -316180 = 9*d - 1369126. What are the prime factors of (d/370)/(6/20)?
2, 17, 31
Let v = -127 + -43. Let y be 18*(318/9)/2. Let z = y + v. What are the prime factors of z?
2, 37
Let l(t) = -t - 1. Let o(c) = 22*c - 1. Let z(p) = 6*l(p) - 2*o(p). What are the prime factors of z(-3)?
2, 73
What are the prime factors of 5734/141*162/2*1/2?
3, 61
Let u = 9192 + -8437. List the prime factors of u.
5, 151
Suppose 178*p - 6*p - 1602868 = 0. What are the prime factors of p?
9319
List the prime factors of 7/(-2)*1134/(-441) + 48190.
157, 307
Let o(u) = -u**3 + 2*u**2 + 59*u + 17. Let x be o(7). Let a = -35 - -290. Suppose 0 = -3*h + 2*y + x, 4*h - 5*y + 4*y = a. What are the prime factors of h?
5, 13
Let g(y) = y**3 + 11*y**2 + 25*y + 17. Let b be g(-10). Let o(p) = -9*p - 1. Let t be o(1). List the prime factors of (b - -1)*5/t.
2, 3, 11
Let x = 151 - 136. Let y(o) = o**2 + 14*o + 83. List the prime factors of y(x).
2, 7, 37
Let b = 743 - 242. List the prime factors of b/6 - (-4)/(-8).
83
Let n be 15/(-6) - -3 - 46/(-4). Suppose 6*j - n = 18. Suppose j*l + 3*l = 896. List the prime factors of l.
2, 7
Suppose 0 = -24*k + 4916 + 148756. What are the prime factors of k?
19, 337
Suppose 5*f + 4*n - 45 = 0, -5*n = -3*f - 2*f. Suppose 4*g = 2*t + 14 + 50, 0 = -f*g - 2*t + 71. Suppose -9*q = -g*q + 42. List the prime factors of q.
7
Suppose -n - f + 10784 = 0, 12*f = 4*n + 8*f - 43096. List the prime factors of n.
3, 3593
Suppose -425 = -2*z + 519. Suppose -75 + 10 = -5*o. Suppose -z - 269 = -o*p. What are the prime factors of p?
3, 19
Let a(c) = 11*c**2 - 26*c - 17. Let k = -380 + 372. What are the prime factors of a(k)?
5, 179
Let a be 3 - 14/(-8) - 1/(-4). Suppose -a*v + 1082 = -0*l + l, 5*v = 3*l + 1074. Suppose 3*b - 2*o - v = -o, b + 3*o = 62. What are the prime factors of b?
71
Let u be (0 - (-7 - -3)) + (6 - -262). Let k = -162 + u. What are the prime factors of k?
2, 5, 11
Let y(i) = i + 107. Let k be y(23). Suppose 3*u + 3*r = 7*u - 1243, u + 2*r = 319. Let h = u - k. What are the prime factors of h?
3, 61
Let u = -648 + 649. Let z(m) = 1560*m + 17. List the prime factors of z(u).
19, 83
Let u(l) = 4*l - 23. Let x be u(-12). Let n = x - -72. What are the prime factors of 6/2*n*(-14 - -21)?
3, 7
Suppose 0 = -15*d + 30*d + 5670. Let h = d + 437. What are the prime factors of h?
59
Let t = -31 + 16. Let o = 106 - t. Suppose -c + 32 = -3*p - 91, 0 = -c + 2*p + o. List the prime factors of c.
3, 13
Suppose -3*z - 12 = 7*r - 3*r, 12 = -5*z - 4*r. Suppose 0*h - 2*h + 307 = -3*j, 4*j - 4 = z. List the prime factors of h.
5, 31
List the prime factors of ((-5)/((-380)/57))/((-6)/(-24236))*14.
7, 73, 83
Let w(c) be the second derivative of -c**5/20 + 5*c**4/12 + 3*c**2 - 36*c. What are the prime factors of w(-5)?
2
Let o(c) = 80*c - 63. Let r(w) = w**3 - 36*w**2 - 159*w - 18. Let a be r(40). List the prime factors of o(a).
1697
Let z(g) = -g**3 + 37*g**2 - 68*g - 66. Let s be z(35). Suppose -s*t = i - 515, -4*t = 5*i - 0*t - 2607. List the prime factors of i.
523
Suppose -12 = -5*z + 3*t, 2*t - 5 - 12 = -5*z. Let o be (-21)/9 - (z/9)/(-1). List the prime factors of o/((-1)/(-5) + (-228)/940).
47
Let t be (15/6)/(1/96). Suppose 4*x + 7 = -2*u + 89, 3*x - t = -5*u. What are the prime factors of u?
3, 17
Let t(x) = -2*x**3 - 5*x**2 - 6*x - 5. Let f be t(-2). Let b = f + 67. List the prime factors of b.
2, 5, 7
Suppose 4*n + 0*n + 424 = 0. What are the prime factors of 6 - n - -5 - 1*-3?
2, 3, 5
Suppose 150*z - 6491 = -3*m + 154*z, -z = m - 2145. What are the prime factors of m?
2153
Suppose 0 = 4*b - g - 17, -4 - 3 = -b + 3*g. Suppose -31*i = -29*i + b. What are the prime factors of 46 - (6/i + 0)?
7
Suppose -5*z + 96 = z. Suppose 3*f + 2*h = 8, -2*f - 4*h + z = -0*h. Suppose f = -0*a + a - 64. List the prime factors of a.
2
Let x = -4927 + 2731. List the prime factors of x/(-21) - (4 + 124/(-28)).
3, 5, 7
Suppose 0 = -46*s + 65*s - 304475. List the prime factors of s.
5, 641
What are the prime factors of 50470 - (8/6)/(-3*4/36)?
2, 25237
Suppose -22996 = -2*w - 2*h, 0 = -5*w - 4*h + 52862 + 4630. List the prime factors of w.
2, 5, 23
Let s(p) = -p**2 + 3*p - 12. Let o(k) be the first derivative of k + 3. Let d(g) = 2*o(g) - s(g). What are the prime factors of d(6)?
2
Let x = -3004 - -7850. What are the prime factors of x?
2, 2423
Let j(o) = 676*o + 698. Let r be j(-5). Let l(c) = 3*c**3 + 2*c - 1. Let t be l(1). What are the prime factors of t/14 + r/(-21)?
2
Let t = 7517 - 1591. List the prime factors of t.
2, 2963
Let y(f) = -609*f**3 - f**2 - 2*f - 1. Let t be y(-1). Let d(p) = p**2 + 44*p -